{"id":2876,"date":"2019-05-14T03:43:59","date_gmt":"2019-05-14T03:43:59","guid":{"rendered":"https:\/\/demo.ovatheme.com\/constrau\/?page_id=2"},"modified":"2022-12-24T00:55:20","modified_gmt":"2022-12-24T00:55:20","slug":"impressum","status":"publish","type":"page","link":"https:\/\/miftari-isolierungen.de\/?page_id=2876","title":{"rendered":"Impressum"},"content":{"rendered":"\t\t<div data-elementor-type=\"wp-page\" data-elementor-id=\"2876\" class=\"elementor elementor-2876\">\n\t\t\t\t\t\t\t\t\t<section class=\"elementor-section elementor-top-section elementor-element elementor-element-50e3c7e2 elementor-section-boxed elementor-section-height-default elementor-section-height-default\" data-id=\"50e3c7e2\" data-element_type=\"section\">\n\t\t\t\t\t\t<div class=\"elementor-container elementor-column-gap-default\">\n\t\t\t\t\t<div class=\"elementor-column elementor-col-100 elementor-top-column elementor-element elementor-element-3cd293a0\" data-id=\"3cd293a0\" data-element_type=\"column\">\n\t\t\t<div class=\"elementor-widget-wrap elementor-element-populated\">\n\t\t\t\t\t\t\t\t<div class=\"elementor-element elementor-element-7085c560 elementor-widget elementor-widget-text-editor\" data-id=\"7085c560\" data-element_type=\"widget\" data-widget_type=\"text-editor.default\">\n\t\t\t\t<div class=\"elementor-widget-container\">\n\t\t\t<style>\/*! elementor - v3.9.2 - 21-12-2022 *\/\n.elementor-widget-text-editor.elementor-drop-cap-view-stacked .elementor-drop-cap{background-color:#818a91;color:#fff}.elementor-widget-text-editor.elementor-drop-cap-view-framed .elementor-drop-cap{color:#818a91;border:3px solid;background-color:transparent}.elementor-widget-text-editor:not(.elementor-drop-cap-view-default) .elementor-drop-cap{margin-top:8px}.elementor-widget-text-editor:not(.elementor-drop-cap-view-default) .elementor-drop-cap-letter{width:1em;height:1em}.elementor-widget-text-editor .elementor-drop-cap{float:left;text-align:center;line-height:1;font-size:50px}.elementor-widget-text-editor .elementor-drop-cap-letter{display:inline-block}<\/style>\t\t\t\t<table cellspacing=\"1\" cellpadding=\"0\" align=\"center\">\n<tbody>\n<tr>\n<td colspan=\"2\" align=\"center\" valign=\"top\">\n<p><strong>Impressum<\/strong><br \/>(Anbieterkennzeichnung nach \u00a7 5 TMG)<\/p>\n<\/td>\n<\/tr>\n<tr>\n<td valign=\"top\" width=\"208\">\u00a0<\/td>\n<td width=\"285\">\u00a0<\/td>\n<\/tr>\n<tr>\n<td valign=\"top\"><strong>Firmenanschrift:<\/strong><\/td>\n<td>Miftari D\u00e4mm-Flex GmbH<br \/>Peter-Joseph-Lenn\u00e9-Str. 20-22<br \/>51377 Leverkusen<\/td>\n<\/tr>\n<tr>\n<td><strong>Rechtsform:<\/strong><\/td>\n<td>GmbH<\/td>\n<\/tr>\n<tr>\n<td><b>Telefon:<\/b><\/td>\n<td>0214\/ 310 35 62<\/td>\n<\/tr>\n<tr>\n<td><b>Telefax:<\/b><\/td>\n<td>0214\/3 10 35 61<\/td>\n<\/tr>\n<tr>\n<td><b>e-Mail:<\/b><\/td>\n<td><a class=\"Stil1 Stil9\" href=\"mailto:info@miftari-isolierungen.de\">info@miftari-isolierungen.de<\/a><\/td>\n<\/tr>\n<tr>\n<td><b>Internet:<\/b><\/td>\n<td><a class=\"Stil1 Stil9\" href=\"http:\/\/www.miftari-isolierungen.de\/\">www.miftari-isolierungen.de<\/a><\/td>\n<\/tr>\n<tr>\n<td><strong>Gesch\u00e4ftsf\u00fchrung:<\/strong><\/td>\n<td>Daut Miftari<\/td>\n<\/tr>\n<tr>\n<td><strong>Sitz der Gesellschaft:<\/strong><\/td>\n<td>Leverkusen<\/td>\n<\/tr>\n<tr>\n<td><strong>Amtsgericht:<\/strong><\/td>\n<td>K\u00f6ln HRB 6061<\/td>\n<\/tr>\n<tr>\n<td><strong>Steuernummer:<\/strong><\/td>\n<td>230\/5712\/1491<\/td>\n<\/tr>\n<tr>\n<td><strong>USt-IdNr.:<\/strong><\/td>\n<td>DE254340859<\/td>\n<\/tr>\n<tr>\n<td>\u00a0<\/td>\n<td>\u00a0<\/td>\n<\/tr>\n<tr>\n<td colspan=\"2\"><strong>Inhaltlich verantwortlich nach \u00a77 TMG:<\/strong><br \/>Gesch\u00e4ftsf\u00fchrung der Miftari D\u00e4mm-Flex GmbH<br \/><br \/><br \/><strong>Haftungshinweis<\/strong><br \/>Haftung f\u00fcr Inhalte<br \/>Die Inhalte unserer Seiten wurden mit gr\u00f6\u00dfter Sorgfalt erstellt.<br \/>F\u00fcr die Richtigkeit, Vollst\u00e4ndigkeit und Aktualit\u00e4t der Inhalte k\u00f6nnen wir jedoch keine Gew\u00e4hr \u00fcbernehmen.<br \/>Als Diensteanbieter sind wir gem\u00e4\u00df \u00a7 7 Abs.1 TMG f\u00fcr eigene Inhalte auf diesen Seiten nach den allgemeinen Gesetzen verantwortlich.<br \/>Nach \u00a7\u00a7 8 bis 10 TMG sind wir als Diensteanbieter jedoch nicht verpflichtet, \u00fcbermittelte oder gespeicherte fremde Informationen zu \u00fcberwachen oder nach Umst\u00e4nden zu forschen, die auf eine rechtswidrige T\u00e4tigkeit hinweisen.<br \/>Verpflichtungen zur Entfernung oder Sperrung der Nutzung von Informationen nach den allgemeinen Gesetzen bleiben hiervon unber\u00fchrt.<br \/>Eine diesbez\u00fcgliche Haftung ist jedoch erst ab dem Zeitpunkt der Kenntnis einer konkreten Rechtsverletzung m\u00f6glich.<br \/>Bei Bekanntwerden von entsprechenden Rechtsverletzungen werden wir diese Inhalte umgehend entfernen.<br \/><br \/>Haftung f\u00fcr Links<br \/>Unser Angebot enth\u00e4lt Links zu externen Webseiten Dritter, auf deren Inhalte wir keinen Einfluss haben.<br \/>Deshalb k\u00f6nnen wir f\u00fcr diese fremden Inhalte auch keine Gew\u00e4hr \u00fcbernehmen.<br \/>F\u00fcr die Inhalte der verlinkten Seiten ist stets der jeweilige Anbieter oder Betreiber der Seiten verantwortlich.<br \/>Die verlinkten Seiten wurden zum Zeitpunkt der Verlinkung auf m\u00f6gliche Rechtsverst\u00f6\u00dfe \u00fcberpr\u00fcft.<br \/>Rechtswidrige Inhalte waren zum Zeitpunkt der Verlinkung nicht erkennbar.<br \/>Eine permanente inhaltliche Kontrolle der verlinkten Seiten ist jedoch ohne konkrete Anhaltspunkte einer Rechtsverletzung nicht zumutbar.<br \/>Bei Bekanntwerden von Rechtsverletzungen werden wir derartige Links umgehend entfernen.<br \/><br \/>Urheberrecht<br \/>Die durch die Seitenbetreiber erstellten Inhalte und Werke auf diesen Seiten unterliegen dem deutschen Urheberrecht.<br \/>Die Vervielf\u00e4ltigung, Bearbeitung, Verbreitung und jede Art der Verwertung au\u00dferhalb der Grenzen des Urheberrechtes bed\u00fcrfen der schriftlichen Zustimmung des jeweiligen Autors bzw. Erstellers.<br \/>Downloads und Kopien dieser Seite sind nur f\u00fcr den privaten, nicht kommerziellen Gebrauch gestattet.<br \/>Soweit die Inhalte auf dieser Seite nicht vom Betreiber erstellt wurden, werden die Urheberrechte Dritter beachtet.<br \/>Insbesondere werden Inhalte Dritter als solche gekennzeichnet.<br \/>Sollten Sie trotzdem auf eine Urheberrechtsverletzung aufmerksam werden, bitten wir um einen entsprechenden Hinweis.<br \/>Bei Bekanntwerden von Rechtsverletzungen werden wir derartige Inhalte umgehend entfernen.<br \/><br \/>Datenschutz<br \/>Die Nutzung unserer Webseite ist in der Regel ohne Angabe personenbezogener Daten m\u00f6glich.<br \/>Soweit auf unseren Seiten personenbezogene Daten (beispielsweise Name, Anschrift oder eMail-Adressen) erhoben werden, erfolgt dies, soweit m\u00f6glich, stets auf freiwilliger Basis.<br \/>Diese Daten werden ohne Ihre ausdr\u00fcckliche Zustimmung nicht an Dritte weitergegeben.<br \/>Wir weisen darauf hin, dass die Daten\u00fcbertragung im Internet (z.B. bei der Kommunikation per E-Mail) Sicherheitsl\u00fccken aufweisen kann.<br \/>Ein l\u00fcckenloser Schutz der Daten vor dem Zugriff durch Dritte ist nicht m\u00f6glich.<br \/>Der Nutzung von im Rahmen der Impressumspflicht ver\u00f6ffentlichten Kontaktdaten durch Dritte zur \u00dcbersendung von nicht ausdr\u00fccklich angeforderter Werbung und Informationsmaterialien wird hiermit ausdr\u00fccklich widersprochen.<br \/>Die Betreiber der Seiten behalten sich ausdr\u00fccklich rechtliche Schritte im Falle der unverlangten Zusendung von Werbeinformationen, etwa durch Spam-Mails, vor.<\/td>\n<\/tr>\n<tr>\n<td colspan=\"2\">Alle Texte, Fotos und Gestaltungsformen auf den Internetseiten von Miftari D\u00e4mm-Flex GmbH unterliegen Urheber- und Leistungsschutz-Rechten der jeweiligen Bild- und Text-Autoren. Sie d\u00fcrfen unautorisiert weder unver\u00e4ndert noch ver\u00e4ndert an anderer Stelle eingesetzt werden. Copyright auf Bilder und Textinhalte. Bei Missbrauch werden strafrechtliche Ma\u00dfnahmen eingeleitet.<br \/><b>Disclaimer<\/b><br \/>Wir distanzieren uns ausdr\u00fccklich von s\u00e4mtlichen Inhalten aller durch auf unsere Seiten befindliche Links erreichbaren externen Seiten. Diese Erkl\u00e4rung gilt sowohl f\u00fcr normale Links, eingebettete Formulare, als auch f\u00fcr s\u00e4mtliche Banner und Anzeigen, die von unserer Seite aus auf andere verweisen. Werden unsere Seiten, Formulare, Anzeigen oder \u00e4hnliches in andere Seiten eingebunden distanzieren wir uns auch von den Seiten.<\/td>\n<\/tr>\n<\/tbody>\n<\/table>\t\t\t\t\t\t<\/div>\n\t\t\t\t<\/div>\n\t\t\t\t\t<\/div>\n\t\t<\/div>\n\t\t\t\t\t\t\t<\/div>\n\t\t<\/section>\n\t\t\t\t\t\t\t<\/div>\n\t\t","protected":false},"excerpt":{"rendered":"<p>Impressum(Anbieterkennzeichnung nach \u00a7 5 TMG) \u00a0 \u00a0 Firmenanschrift: Miftari D\u00e4mm-Flex GmbHPeter-Joseph-Lenn\u00e9-Str. 20-2251377 Leverkusen Rechtsform: GmbH Telefon: 0214\/ 310 35 62 Telefax: 0214\/3 10 35 61 e-Mail: info@miftari-isolierungen.de Internet: www.miftari-isolierungen.de Gesch\u00e4ftsf\u00fchrung: Daut Miftari Sitz der Gesellschaft: Leverkusen Amtsgericht: K\u00f6ln HRB 6061 Steuernummer: 230\/5712\/1491 USt-IdNr.: DE254340859 \u00a0 \u00a0 Inhaltlich verantwortlich nach \u00a77 TMG:Gesch\u00e4ftsf\u00fchrung der Miftari D\u00e4mm-Flex GmbH [&hellip;]<\/p>\n","protected":false},"author":1,"featured_media":0,"parent":0,"menu_order":0,"comment_status":"closed","ping_status":"closed","template":"","meta":{"_mi_skip_tracking":false,"footnotes":""},"class_list":["post-2876","page","type-page","status-publish","hentry"],"aioseo_notices":[],"_links":{"self":[{"href":"https:\/\/miftari-isolierungen.de\/index.php?rest_route=\/wp\/v2\/pages\/2876","targetHints":{"allow":["GET"]}}],"collection":[{"href":"https:\/\/miftari-isolierungen.de\/index.php?rest_route=\/wp\/v2\/pages"}],"about":[{"href":"https:\/\/miftari-isolierungen.de\/index.php?rest_route=\/wp\/v2\/types\/page"}],"author":[{"embeddable":true,"href":"https:\/\/miftari-isolierungen.de\/index.php?rest_route=\/wp\/v2\/users\/1"}],"replies":[{"embeddable":true,"href":"https:\/\/miftari-isolierungen.de\/index.php?rest_route=%2Fwp%2Fv2%2Fcomments&post=2876"}],"version-history":[{"count":4,"href":"https:\/\/miftari-isolierungen.de\/index.php?rest_route=\/wp\/v2\/pages\/2876\/revisions"}],"predecessor-version":[{"id":3171,"href":"https:\/\/miftari-isolierungen.de\/index.php?rest_route=\/wp\/v2\/pages\/2876\/revisions\/3171"}],"wp:attachment":[{"href":"https:\/\/miftari-isolierungen.de\/index.php?rest_route=%2Fwp%2Fv2%2Fmedia&parent=2876"}],"curies":[{"name":"wp","href":"https:\/\/api.w.org\/{rel}","templated":true}]}}